*j - 32335. Determine v(75).
-10
Let p(o) = 4092*o - 654714. Determine p(160).
6
Let p(x) = 102*x**3 - 26*x**2 + 43*x + 10. What is p(2)?
808
Let w(d) = -5358*d + 508978. Give w(95).
-32
Let t(x) = -10075*x - 5470722. Calculate t(-543).
3
Let y(j) = -76*j**2 + 2363*j - 259. What is y(31)?
-42
Let c(l) = 3*l**2 + 378*l - 363. Give c(-122).
-1827
Let z(d) = -321*d - 32958. Determine z(-103).
105
Let v(z) = 1229*z - 12475. Determine v(10).
-185
Let c(b) = -1533*b - 3720. Give c(-2).
-654
Let u(i) = 2*i**3 - 819*i**2 + 501*i - 38128. Calculate u(409).
-500
Let w(v) = -40*v**2 - 753*v + 5877. Give w(6).
-81
Let w(f) = f**2 + 4507*f + 2732762. Calculate w(-722).
-8
Let d(h) = -2*h**3 + 156*h**2 + 967*h - 8. What is d(-6)?
238
Let t(d) = -3642*d + 203971. Calculate t(56).
19
Let i(j) = 72689*j - 653900. Give i(9).
301
Let n(s) = 5*s**2 - 1316*s + 3479. What is n(262)?
1907
Let f(v) = -216*v - 865. Calculate f(-5).
215
Let t(x) = -1256*x + 16340. Give t(11).
2524
Let c(g) = 2*g**2 - 1042*g - 18265. Determine c(-17).
27
Let l(b) = -19*b - 425. Determine l(-26).
69
Let n(r) = r**3 + 528*r**2 + 5180*r + 36. Determine n(-10).
36
Let a(k) = 3*k**3 + 82*k**2 - 168*k - 5287. Determine a(-27).
-22
Let n(z) = 461*z + 753. Give n(3).
2136
Let d(c) = 9079*c**2 + 118000*c - 360. Determine d(-13).
-9
Let c(g) = 696*g + 7394. Give c(-11).
-262
Let j(p) = -92*p**3 - 2390*p**2 + 78*p + 607. Determine j(-26).
-69
Let v(d) = -216675*d - 866706. Give v(-4).
-6
Let j(y) = -2551*y + 1323969. What is j(519)?
0
Let n(g) = -g**2 + 4530*g + 173014. Determine n(-38).
-570
Let m(v) = 234*v**2 + 29*v - 150. Give m(0).
-150
Let w(m) = 359*m - 6869. Give w(32).
4619
Let d(p) = -p**3 - 190*p**2 - 1283*p - 355. Calculate d(-183).
11
Let b(f) = -6*f**3 + 73*f**2 + 45*f + 2. Calculate b(14).
-1524
Let m(v) = v**3 + 7*v**2 - 125*v + 339. Determine m(5).
14
Let a(q) = 2*q**3 - 101*q**2 + 247*q - 9860. Determine a(50).
-10
Let p(q) = 2773*q**2 - 33179*q - 1189. Calculate p(12).
-25
Let j(c) = -c**2 - 793*c + 9367. Calculate j(12).
-293
Let o(h) = 1304*h**2 - 586*h - 25. What is o(-2)?
6363
Let i(r) = 7*r**3 + 324*r**2 + 133*r + 1356. Give i(-46).
-530
Let l(f) = -933*f + 32480. What is l(35)?
-175
Let x(i) = 6*i**3 + 134*i - 266. Determine x(2).
50
Let u(j) = -j**3 - 140*j**2 - 2950*j - 1893. What is u(-25)?
-18
Let t(n) = -3*n**3 + 106*n**2 - 150*n + 457. Calculate t(34).
-19
Let t(y) = 138719*y - 31627922. Calculate t(228).
10
Let s(t) = 162*t**2 + 2276*t - 31. Give s(-14).
-143
Let a(p) = 225*p**2 + 1423*p - 46. What is a(-6)?
-484
Let p(j) = 73747*j - 73677. Give p(1).
70
Let p(q) = -q**2 - 10750*q + 4946879. Determine p(442).
15
Let d(n) = 100*n - 12881. What is d(136)?
719
Let m(s) = -60*s**3 - 2*s**2 + 3*s - 163. What is m(0)?
-163
Let l(n) = -n**2 - 9399*n + 1267768. What is l(133)?
12
Let q(j) = j**3 - 74*j**2 + 532*j + 12. Calculate q(9).
-465
Let h(x) = -2*x**3 + 45*x**2 - 216*x - 114. What is h(14)?
194
Let r(u) = -u**3 + 33*u**2 - 99*u - 470. Calculate r(29).
23
Let y(j) = j**3 + 181*j**2 + 379*j + 3442. Give y(-179).
-317
Let t(p) = -4*p**2 + 11804*p + 734937. Calculate t(-61).
9
Let d(o) = -o**3 + 39*o**2 + 69*o + 2713. Determine d(43).
-1716
Let a(k) = 2599*k - 28624. Calculate a(11).
-35
Let v(l) = -l**3 - 79*l**2 + 190*l + 729. Calculate v(-81).
-1539
Let s(f) = -426*f**3 - 14484*f**2 + 2*f + 91. Calculate s(-34).
23
Let k(b) = -12*b**3 - 4781*b**2 - 34798*b + 371. Calculate k(-391).
-20
Let s(r) = -345*r**2 - 54167*r - 333. What is s(-157)?
-19
Let r(a) = 460*a - 104008. Calculate r(226).
-48
Let n(h) = -h**3 + 120*h**2 - 610*h - 32057. Determine n(112).
-25
Let n(j) = -4*j**2 + 574*j + 877. Determine n(145).
7
Let c(f) = -7*f**2 - 758*f + 894. Give c(-104).
4014
Let d(q) = 11679*q - 3153350. Give d(270).
-20
Let a(x) = -x**3 + 37*x**2 - 178*x - 968. Calculate a(12).
496
Let z(g) = g**3 + 22*g**2 - 28*g - 6. What is z(-24)?
-486
Let q(z) = 3471*z + 13852. What is q(-4)?
-32
Let l(i) = -i**3 + 149*i**2 - 1694*i + 24301. Calculate l(138).
13
Let u(z) = 2*z**2 - 17667*z + 176474. What is u(10)?
4
Let s(k) = -73102*k + 1169619. What is s(16)?
-13
Let h(x) = 2408*x + 243218. Calculate h(-101).
10
Let m(c) = 13*c**2 - 58*c - 69. Calculate m(10).
651
Let r(f) = 83*f**2 + 241*f - 2. Give r(-3).
22
Let g(x) = 5589*x + 1380513. What is g(-247)?
30
Let r(i) = -3*i**2 + 66*i + 38. What is r(0)?
38
Let y(l) = 21720*l + 369238. What is y(-17)?
-2
Let g(t) = -6*t**2 - 521*t - 3633. Determine g(-81).
-798
Let u(s) = s**3 + 49*s**2 + 516*s + 117. Give u(-34).
-87
Let f(z) = 3758*z + 146151. What is f(-39)?
-411
Let s(n) = 23*n - 2866. What is s(39)?
-1969
Let c(a) = -a**3 + 5*a**2 + 7890*a - 62931. Calculate c(8).
-3
Let b(f) = 15*f**2 - 6705*f + 65533. Calculate b(437).
-17
Let d(f) = f**3 - 455*f**2 + 3553*f + 10273. Determine d(447).
-8
Let m(g) = -46789*g + 2994493. Calculate m(64).
-3
Let p(u) = u**2 + 97*u - 5013. Give p(30).
-1203
Let s(o) = 176557*o + 4060817. Give s(-23).
6
Let p(m) = -187*m**3 + 2981*m**2 + 168*m + 138. Calculate p(16).
10
Let q(w) = -w**3 - 128*w**2 + 4008*w + 608. Calculate q(-154).
-8
Let j(k) = 88061*k + 792610. Give j(-9).
61
Let c(t) = t**3 + 51*t**2 - 307*t - 13225. Calculate c(-52).
35
Let m(d) = -364254*d + 1457005. What is m(4)?
-11
Let v(k) = 30304*k - 2818285. Calculate v(93).
-13
Let z(o) = 1253*o + 51218. Calculate z(-41).
-155
Let s(r) = 22*r**2 - 72*r + 53. Calculate s(2).
-3
Let k(c) = -3*c**3 - 6*c**2 + 151*c + 83. Determine k(0).
83
Let c(z) = 4*z**2 - 193*z - 31567. What is c(116)?
-131
Let c(t) = -6305*t + 996. What is c(0)?
996
Let d(m) = -21*m + 3431. What is d(40)?
2591
Let i(f) = 53870*f + 1185136. Determine i(-22).
-4
Let r(q) = q**2 - 1095*q - 521919. Give r(-359).
67
Let x(q) = 113*q**2 + 1169*q + 3504. Calculate x(-3).
1014
Let p(q) = 8*q**3 + 289*q**2 + 36*q - 64. Calculate p(-36).
-64
Let d(s) = 567*s**2 - 73*s + 117. Calculate d(2).
2239
Let q(v) = -2*v**2 + 537*v - 14045. Give q(29).
-154
Let z(g) = -g**3 - 31*g**2 + 86*g + 44. Determine z(4).
-172
Let b(q) = -5*q**3 - 64*q**2 + 82*q + 1163. Determine b(-13).
266
Let m(r) = -37*r**3 + 39*r**2 + 79*r - 5. What is m(2)?
13
Let z(v) = -v**2 - 27298*v + 191126. Determine z(7).
-9
Let z(x) = -2*x**3 + 141*x**2 + 464*x - 28102. What is z(71)?
-199
Let n(w) = 2*w**2 + 4946*w + 24674. Determine n(-5).
-6
Let n(y) = y**2 + 34*y + 400. Give n(-8).
192
Let a(w) = -w**3 + 85*w**2 + 462*w - 1331. Determine a(90).
-251
Let c(d) = d**2 - 217*d - 36937. Calculate c(329).
-89
Let c(g) = 2*g**2 + 42056*g + 588515. Calculate c(-14).
123
Let u(o) = -o**2 + 71174*o + 74223657. Give u(-1028).
1
Let s(a) = -a**3 + 15*a**2 - 15*a - 27. What is s(16)?
-523
Let a(k) = k**2 - 153*k - 2291. Calculate a(-14).
47
Let c(r) = -4151*r - 5105753. Determine c(-1230).
-23
Let c(y) = -4*y**3 - 241*y**2 + 1234*y - 41. Determine c(-65).
24
Let t(x) = -x**2 + 1026*x + 3069. What is t(-3)?
-18
Let t(v) = v**2 + 204*v + 7705. What is t(-50)?
5
Let x(o) = -o**3 - 171*o**2 + 691*o + 29413. Determine x(-174).
7
Let c(d) = -145*d**3 - 7*d**2 + 13*d + 14. Determine c(-1).
139
Let p(r) = r**3 + 242*r**2 + 952*r + 75. Give p(-238).
75
Let x(q) = 86424*q + 6568223. What is x(-76)?
-1
Let h(z) = -5089*z + 3826885. Calculate h(752).
-43
Let x(i) = -5222*i - 140982. Calculate x(-27).
12
Let a(m) = 7937*m + 71449. Give a(-9).
16
Let q(g) = 793*g - 4086. What is q(5)?
-121
Let n(w) = w**2 + 2674*w + 194922. Calculate n(-75).
-3
Let p(b) = 241*b - 20969. What is p(87)?
-2
Let o(z) = -2*z**2 - 830*z + 5788. Determine o(7).
-120
Let h(w) = -5966*w + 41605. Determine h(7).
-157
Let q(b) = 1315*b + 10232. Give q(-6).
2342
Let o(c) = 2*c**2 - 172115*c - 344232. What is o(-2)?
6
Let r(a) = -1616*a - 69483. What is r(-43)?
5
Let w(h) = 13*h**3 - 9243*h**2 - 425*h + 302161. Determine w(711).
-14
Let l(a) = -a**3 - 64*a**2 + 919*a + 61894. Give l(-63).
28
Let c(t) = -9728*t + 194554. Determine c(20).
-6
Let k(h) = 1884*h + 161976. Determine k(-86).
-48
Let w(o) = 34*o**3 - 1362*o**2 + 93*o - 637. Calculate w(40).
-117
Let x(d) = 1930*d + 12926. Calculate x(-6).
1346
Let m(l) = 16369*l + 32279675. Give m(-1972).
7
Let t(f) = -f**3 - 1802*f**2 - 8985*f + 27. Give t(-5).
27
Let c(n) = -n**2 - 305*n - 6919. Give c(-26).
335
Let k(p) = 5738